of 227418548?
2, 7, 53, 153247
List the prime factors of 157863493.
443, 356351
List the prime factors of 19347182.
2, 113, 85607
What are the prime factors of 562108382?
2, 11, 25550381
List the prime factors of 6851102087.
151, 45371537
What are the prime factors of 102996829?
13, 17, 23, 881
What are the prime factors of 854098970?
2, 5, 1531, 55787
What are the prime factors of 221964028?
2, 11, 13, 29, 13381
List the prime factors of 1113405201.
3, 337, 367097
List the prime factors of 144968979.
3, 17, 2842529
What are the prime factors of 72101398?
2, 149, 241951
What are the prime factors of 149915907?
3, 31, 179111
List the prime factors of 568893226.
2, 11, 25858783
List the prime factors of 207523354.
2, 223, 465299
What are the prime factors of 111086115?
3, 5, 7, 1057963
What are the prime factors of 939108687?
3, 11, 19, 89, 16829
List the prime factors of 742471.
193, 3847
What are the prime factors of 582933941?
41, 14217901
What are the prime factors of 193032585?
3, 5, 1429871
List the prime factors of 76853689.
11, 19, 367721
List the prime factors of 106078548.
2, 3, 1171, 7549
List the prime factors of 12738553.
1087, 11719
List the prime factors of 219458677.
219458677
List the prime factors of 59599201.
59599201
List the prime factors of 2612060794.
2, 7, 67, 2784713
List the prime factors of 10132736.
2, 39581
What are the prime factors of 675227498?
2, 11, 223, 137633
What are the prime factors of 3318553874?
2, 4813, 344749
List the prime factors of 3794801314.
2, 1897400657
What are the prime factors of 235061248?
2, 14347
What are the prime factors of 1476754242?
2, 3, 463, 531589
List the prime factors of 232182355.
5, 23, 547, 3691
List the prime factors of 552833264.
2, 29, 71, 97, 173
What are the prime factors of 339891679?
409, 831031
What are the prime factors of 1077390654?
2, 3, 179565109
What are the prime factors of 5196153387?
3, 29, 701, 85201
List the prime factors of 1287607370.
2, 5, 7, 17, 1082023
What are the prime factors of 1813399192?
2, 11, 107, 192587
List the prime factors of 31719684.
2, 3, 2643307
List the prime factors of 63703482.
2, 3, 199, 53353
List the prime factors of 3730804530.
2, 3, 5, 17, 61, 119923
List the prime factors of 7161807592.
2, 895225949
What are the prime factors of 8189441?
13, 617, 1021
What are the prime factors of 1037117260?
2, 5, 51855863
List the prime factors of 47277439.
11, 197, 21817
List the prime factors of 216446697.
3, 1013, 23741
What are the prime factors of 106513772?
2, 17, 19, 4339
List the prime factors of 828366607.
828366607
List the prime factors of 23807452.
2, 257, 23159
What are the prime factors of 74880030?
2, 3, 5, 29, 86069
What are the prime factors of 245285634?
2, 3, 11, 337859
What are the prime factors of 788937948?
2, 3, 7304981
What are the prime factors of 268882355?
5, 7, 163, 6733
What are the prime factors of 192170548?
2, 48042637
List the prime factors of 227008647.
3, 25223183
List the prime factors of 1820650077.
3, 23, 8795411
What are the prime factors of 42402210?
2, 3, 5, 83, 17029
List the prime factors of 83407062.
2, 3, 23, 89, 6791
List the prime factors of 818779538.
2, 2903, 141023
List the prime factors of 384556047.
3, 128185349
What are the prime factors of 175579816?
2, 109, 271, 743
What are the prime factors of 115588092?
2, 3, 1489, 6469
List the prime factors of 11292916.
2, 19, 139, 1069
List the prime factors of 1186034809.
1063, 1115743
List the prime factors of 592681150.
2, 5, 313, 37871
List the prime factors of 125023777.
37, 3379021
What are the prime factors of 4200531409?
12821, 327629
List the prime factors of 26614252.
2, 7, 135787
What are the prime factors of 159857311?
159857311
What are the prime factors of 1867048733?
11, 67, 2533309
List the prime factors of 525078445.
5, 1657, 63377
What are the prime factors of 1702731166?
2, 67, 12706949
List the prime factors of 29080934.
2, 2179, 6673
What are the prime factors of 5071714186?
2, 7, 11, 41, 107, 7507
List the prime factors of 6538247998.
2, 32573, 100363
List the prime factors of 3990034.
2, 73, 27329
What are the prime factors of 3523972874?
2, 17, 29, 751, 4759
List the prime factors of 519119770.
2, 5, 13, 3993229
List the prime factors of 409214723.
19, 587, 36691
What are the prime factors of 32882949?
3, 11, 53, 2089
What are the prime factors of 5208663389?
5208663389
List the prime factors of 1271028675.
3, 5, 7, 29, 31, 2693
List the prime factors of 454750688.
2, 7, 2030137
What are the prime factors of 2094703065?
3, 5, 7, 13, 170509
List the prime factors of 838363997.
461, 1818577
What are the prime factors of 354089360?
2, 5, 4426117
What are the prime factors of 171917274?
2, 3, 1429, 20051
What are the prime factors of 1924749826?
2, 17, 251, 13267
What are the prime factors of 10834985?
5, 7, 309571
List the prime factors of 21683808.
2, 3, 25097
List the prime factors of 12761019.
3, 1417891
What are the prime factors of 5026565822?
2, 83, 2939, 10303
What are the prime factors of 209454439?
209454439
What are the prime factors of 103884732?
2, 3, 7, 43, 9587
List the prime factors of 1934297182.
2, 59, 2027, 8087
What are the prime factors of 102984719?
71, 1450489
What are the prime factors of 38574202?
2, 37, 89, 5857
List the prime factors of 119219772.
2, 3, 7, 37, 89, 431
List the prime factors of 1076145514.
2, 29, 18554233
What are the prime factors of 139546347?
3, 29, 101, 15881
What are the prime factors of 399912419?
2803, 142673
What are the prime factors of 7823216?
2, 113, 4327
What are the prime factors of 1965590?
2, 5, 11, 107, 167
List the prime factors of 6978021840.
2, 3, 5, 9691697
List the prime factors of 498086710.
2, 5, 11, 19, 67, 3557
List the prime factors of 98121385.
5, 19624277
What are the prime factors of 1941562179?
3, 215729131
List the prime factors of 212327977.
17, 751, 16631
List the prime factors of 1412599085.
5, 179, 1578323
List the prime factors of 31945428.
2, 3, 98597
What are the prime factors of 746900873?
23, 97, 334783
What are the prime factors of 321291640?
2, 5, 8032291
What are the prime factors of 86883527?
86883527
List the prime factors of 7130372.
2, 31, 57503
What are the prime factors of 1215805612?
2, 7, 43421629
List the prime factors of 271883295.
3, 5, 17, 131, 2713
List the prime factors of 396959052.
2, 3, 7, 1429, 3307
List the prime factors of 173962189.
137, 1269797
What are the prime factors of 2539579396?
2, 31, 20480479
List the prime factors of 6479533099.
13, 498425623
List the prime factors of 5272286823.
3, 17, 2027023
List the prime factors of 78347861.
71, 107, 10313
List the prime factors of 5830041365.
5, 3407, 342239
List the prime factors of 618357036.
2, 3, 11, 4684523
What are the prime factors of 830056598?
2, 7, 71, 419, 1993
List the prime factors of 39826944.
2, 3, 43, 67
What are the prime factors of 1305373567?
1063, 1228009
What are the prime factors of 389632075?
5, 7, 23, 13829
What are the prime factors of 46060243?
46060243
What are the prime factors of 69302117?
69302117
What are the prime factors of 90763404?
2, 3, 263, 28759
What are the prime factors of 67477766?
2, 2689, 12547
What are the prime factors of 186592543?
1483, 125821
List the prime factors of 38951921.
38951921
What are the prime factors of 4934487?
3, 31, 97, 547
List the prime factors of 342295295.
5, 67, 1021777
List the prime factors of 2207403527.
7, 19, 29, 572311
What are the prime factors of 44343026?
2, 7, 13, 243643
What are the prime factors of 801533387?
801533387
What are the prime factors of 5676237826?
2, 7, 31, 13078889
List the prime factors of 62947867.
59, 1066913
List the prime factors of 963145805.
5, 197, 977813
List the prime factors of 301275628.
2, 19, 113, 35081
List the prime factors of 30112266.
2, 3, 29, 173059
List the prime factors of 4053811.
53, 76487
What are the prime factors of 293951836?
2, 239, 307481
List the prime factors of 270348412.
2, 67587103
List the prime factors of 340245022.
2, 13, 13086347
List the prime factors of 82106561.
1597, 51413
List the prime factors of 121494323.
113, 1075171
What are the prime factors of 186234170?
2, 5, 113, 164809
What are the prime factors of 17966242?
2, 7, 183329
Lis